[INFO] cloning repository https://github.com/jazz-lang/Jazz
[INFO] running `Command { std: "git" "-c" "credential.helper=" "-c" "credential.helper=/workspace/cargo-home/bin/git-credential-null" "clone" "--bare" "https://github.com/jazz-lang/Jazz" "/workspace/cache/git-repos/https%3A%2F%2Fgithub.com%2Fjazz-lang%2FJazz", kill_on_drop: false }`
[INFO] [stderr] Cloning into bare repository '/workspace/cache/git-repos/https%3A%2F%2Fgithub.com%2Fjazz-lang%2FJazz'...
[INFO] running `Command { std: "git" "rev-parse" "HEAD", kill_on_drop: false }`
[INFO] [stdout] abf4b281d5013cbc0f0112f7a0c643e3c409962b
[INFO] checking jazz-lang/Jazz against master#cfbc6d4cf1acbac5c025acf8ed68929caa551df3 for pr-75494-beta
[INFO] running `Command { std: "git" "clone" "/workspace/cache/git-repos/https%3A%2F%2Fgithub.com%2Fjazz-lang%2FJazz" "/workspace/builds/worker-1/source", kill_on_drop: false }`
[INFO] [stderr] Cloning into '/workspace/builds/worker-1/source'...
[INFO] [stderr] done.
[INFO] validating manifest of git repo https://github.com/jazz-lang/Jazz on toolchain cfbc6d4cf1acbac5c025acf8ed68929caa551df3
[INFO] running `Command { std: "/workspace/cargo-home/bin/cargo" "+cfbc6d4cf1acbac5c025acf8ed68929caa551df3" "read-manifest" "--manifest-path" "Cargo.toml", kill_on_drop: false }`
[INFO] started tweaking git repo https://github.com/jazz-lang/Jazz
[INFO] finished tweaking git repo https://github.com/jazz-lang/Jazz
[INFO] tweaked toml for git repo https://github.com/jazz-lang/Jazz written to /workspace/builds/worker-1/source/Cargo.toml
[INFO] crate git repo https://github.com/jazz-lang/Jazz already has a lockfile, it will not be regenerated
[INFO] running `Command { std: "/workspace/cargo-home/bin/cargo" "+cfbc6d4cf1acbac5c025acf8ed68929caa551df3" "fetch" "--locked" "--manifest-path" "Cargo.toml", kill_on_drop: false }`
[INFO] [stderr]     Updating git repository `https://github.com/softdevteam/lang_tester`
[INFO] [stderr]  Downloading crates ...
[INFO] [stderr]   Downloaded colored v1.9.3
[INFO] [stderr]   Downloaded wait-timeout v0.2.0
[INFO] [stderr]   Downloaded structopt v0.2.18
[INFO] [stderr]   Downloaded structopt-derive v0.2.18
[INFO] [stderr]   Downloaded threadpool v1.8.1
[INFO] running `Command { std: "docker" "create" "-v" "/var/lib/crater-agent-workspace/builds/worker-1/target:/opt/rustwide/target:rw,Z" "-v" "/var/lib/crater-agent-workspace/builds/worker-1/source:/opt/rustwide/workdir:ro,Z" "-v" "/var/lib/crater-agent-workspace/cargo-home:/opt/rustwide/cargo-home:ro,Z" "-v" "/var/lib/crater-agent-workspace/rustup-home:/opt/rustwide/rustup-home:ro,Z" "-e" "SOURCE_DIR=/opt/rustwide/workdir" "-e" "CARGO_TARGET_DIR=/opt/rustwide/target" "-e" "CARGO_HOME=/opt/rustwide/cargo-home" "-e" "RUSTUP_HOME=/opt/rustwide/rustup-home" "-w" "/opt/rustwide/workdir" "-m" "1610612736" "--user" "0:0" "--network" "none" "rustops/crates-build-env@sha256:a636fd89d022f18117e1dc8fb37a0a009933cdbbe082814857f0e2024962d47c" "/opt/rustwide/cargo-home/bin/cargo" "+cfbc6d4cf1acbac5c025acf8ed68929caa551df3" "metadata" "--no-deps" "--format-version=1", kill_on_drop: false }`
[INFO] [stdout] a5d81b14adadbec6f1535d099f67c0a9b42e2289b67b0b8e5a24847f3556b43c
[INFO] [stderr] WARNING: Your kernel does not support swap limit capabilities or the cgroup is not mounted. Memory limited without swap.
[INFO] running `Command { std: "docker" "start" "-a" "a5d81b14adadbec6f1535d099f67c0a9b42e2289b67b0b8e5a24847f3556b43c", kill_on_drop: false }`
[INFO] running `Command { std: "docker" "inspect" "a5d81b14adadbec6f1535d099f67c0a9b42e2289b67b0b8e5a24847f3556b43c", kill_on_drop: false }`
[INFO] running `Command { std: "docker" "rm" "-f" "a5d81b14adadbec6f1535d099f67c0a9b42e2289b67b0b8e5a24847f3556b43c", kill_on_drop: false }`
[INFO] [stdout] a5d81b14adadbec6f1535d099f67c0a9b42e2289b67b0b8e5a24847f3556b43c
[INFO] running `Command { std: "docker" "create" "-v" "/var/lib/crater-agent-workspace/builds/worker-1/target:/opt/rustwide/target:rw,Z" "-v" "/var/lib/crater-agent-workspace/builds/worker-1/source:/opt/rustwide/workdir:ro,Z" "-v" "/var/lib/crater-agent-workspace/cargo-home:/opt/rustwide/cargo-home:ro,Z" "-v" "/var/lib/crater-agent-workspace/rustup-home:/opt/rustwide/rustup-home:ro,Z" "-e" "SOURCE_DIR=/opt/rustwide/workdir" "-e" "CARGO_TARGET_DIR=/opt/rustwide/target" "-e" "CARGO_INCREMENTAL=0" "-e" "RUST_BACKTRACE=full" "-e" "RUSTFLAGS=--cap-lints=forbid" "-e" "CARGO_HOME=/opt/rustwide/cargo-home" "-e" "RUSTUP_HOME=/opt/rustwide/rustup-home" "-w" "/opt/rustwide/workdir" "-m" "1610612736" "--user" "0:0" "--network" "none" "rustops/crates-build-env@sha256:a636fd89d022f18117e1dc8fb37a0a009933cdbbe082814857f0e2024962d47c" "/opt/rustwide/cargo-home/bin/cargo" "+cfbc6d4cf1acbac5c025acf8ed68929caa551df3" "check" "--frozen" "--all" "--all-targets" "--message-format=json", kill_on_drop: false }`
[INFO] [stdout] 4d8fbbb30dc103d8d73f234649641420c1b899af35b38c0f721f906bf5564377
[INFO] [stderr] WARNING: Your kernel does not support swap limit capabilities or the cgroup is not mounted. Memory limited without swap.
[INFO] running `Command { std: "docker" "start" "-a" "4d8fbbb30dc103d8d73f234649641420c1b899af35b38c0f721f906bf5564377", kill_on_drop: false }`
[INFO] [stderr]    Compiling autocfg v0.1.7
[INFO] [stderr]     Checking unicode-width v0.1.7
[INFO] [stderr]    Compiling syn v0.15.44
[INFO] [stderr]     Checking vec_map v0.8.2
[INFO] [stderr]     Checking scopeguard v1.1.0
[INFO] [stderr]     Checking same-file v1.0.6
[INFO] [stderr]     Checking linked-hash-map v0.5.3
[INFO] [stderr]     Checking termcolor v1.1.0
[INFO] [stderr]     Checking remove_dir_all v0.5.3
[INFO] [stderr]    Compiling semver v0.9.0
[INFO] [stderr]     Checking smallvec v0.6.13
[INFO] [stderr]     Checking atty v0.2.14
[INFO] [stderr]     Checking rand_os v0.1.3
[INFO] [stderr]     Checking wait-timeout v0.2.0
[INFO] [stderr]     Checking lock_api v0.2.0
[INFO] [stderr]     Checking colored v1.9.3
[INFO] [stderr]     Checking tempdir v0.3.7
[INFO] [stderr]     Checking walkdir v2.3.1
[INFO] [stderr]     Checking textwrap v0.11.0
[INFO] [stderr]     Checking getopts v0.2.21
[INFO] [stderr]     Checking clap v2.33.1
[INFO] [stderr]     Checking lang_tester v0.3.10 (https://github.com/softdevteam/lang_tester#e8fcafc8)
[INFO] [stderr]    Compiling rustc_version v0.2.3
[INFO] [stderr]    Compiling rand_pcg v0.1.2
[INFO] [stderr]    Compiling rand_chacha v0.1.1
[INFO] [stderr]    Compiling rand v0.6.5
[INFO] [stderr]    Compiling parking_lot_core v0.5.0
[INFO] [stderr]    Compiling parking_lot v0.8.0
[INFO] [stderr]    Compiling structopt-derive v0.2.18
[INFO] [stderr]     Checking structopt v0.2.18
[INFO] [stderr]     Checking jazz v0.1.0 (/opt/rustwide/workdir)
[INFO] [stdout] error[E0554]: `#![feature]` may not be used on the beta release channel
[INFO] [stdout]  --> src/lib.rs:5:1
[INFO] [stdout]   |
[INFO] [stdout] 5 | #![feature(const_fn)]
[INFO] [stdout]   | ^^^^^^^^^^^^^^^^^^^^^
[INFO] [stdout] 
[INFO] [stdout] 
[INFO] [stdout] error[E0554]: `#![feature]` may not be used on the beta release channel
[INFO] [stdout]  --> src/lib.rs:6:1
[INFO] [stdout]   |
[INFO] [stdout] 6 | #![feature(box_syntax)]
[INFO] [stdout]   | ^^^^^^^^^^^^^^^^^^^^^^^
[INFO] [stdout] 
[INFO] [stdout] 
[INFO] [stdout] error[E0554]: `#![feature]` may not be used on the beta release channel
[INFO] [stdout]  --> src/lib.rs:5:1
[INFO] [stdout]   |
[INFO] [stdout] 5 | #![feature(const_fn)]
[INFO] [stdout]   | ^^^^^^^^^^^^^^^^^^^^^
[INFO] [stdout] 
[INFO] [stdout] 
[INFO] [stdout] error[E0554]: `#![feature]` may not be used on the beta release channel
[INFO] [stdout]  --> src/lib.rs:6:1
[INFO] [stdout]   |
[INFO] [stdout] 6 | #![feature(box_syntax)]
[INFO] [stdout]   | ^^^^^^^^^^^^^^^^^^^^^^^
[INFO] [stdout] 
[INFO] [stdout] 
[INFO] [stdout] error: aborting due to 2 previous errors
[INFO] [stdout] 
[INFO] [stdout] 
[INFO] [stdout] For more information about this error, try `rustc --explain E0554`.
[INFO] [stdout] 
[INFO] [stderr] error: could not compile `jazz`.
[INFO] [stderr] 
[INFO] [stderr] To learn more, run the command again with --verbose.
[INFO] [stderr] warning: build failed, waiting for other jobs to finish...
[INFO] [stdout] error: aborting due to 2 previous errors
[INFO] [stdout] 
[INFO] [stdout] 
[INFO] [stdout] For more information about this error, try `rustc --explain E0554`.
[INFO] [stdout] 
[INFO] [stderr] error: build failed
[INFO] running `Command { std: "docker" "inspect" "4d8fbbb30dc103d8d73f234649641420c1b899af35b38c0f721f906bf5564377", kill_on_drop: false }`
[INFO] running `Command { std: "docker" "rm" "-f" "4d8fbbb30dc103d8d73f234649641420c1b899af35b38c0f721f906bf5564377", kill_on_drop: false }`
[INFO] [stdout] 4d8fbbb30dc103d8d73f234649641420c1b899af35b38c0f721f906bf5564377
